8d
In base 11, what is 720 + -3?
718
In base 4, what is 120 + -10100?
-3320
In base 13, what is 0 + 467?
467
In base 8, what is 1 - 563?
-562
In base 12, what is 2 + 9?
b
In base 9, what is -62 + 5?
-56
In base 14, what is ac - -8?
b6
In base 8, what is 17 - 77?
-60
In base 6, what is -3 + -305?
-312
In base 10, what is 747 + 8?
755
In base 14, what is -1 + 3d4?
3d3
In base 4, what is -13012 + 1?
-13011
In base 5, what is -114310 - 1?
-114311
In base 16, what is -100 - b?
-10b
In base 10, what is -596 + -5?
-601
In base 11, what is 216 + 11?
227
In base 5, what is 13 + -34?
-21
In base 9, what is 3 - -25?
28
In base 11, what is -2 - 15?
-17
In base 3, what is -112221 + 10?
-112211
In base 14, what is 68 + -5?
63
In base 16, what is a2 - 5?
9d
In base 14, what is -2 + 2349?
2347
In base 9, what is 26707 - 4?
26703
In base 6, what is -222 + 0?
-222
In base 5, what is 2 - 144113?
-144111
In base 16, what is 7 - -95f?
966
In base 8, what is -5 + 63?
56
In base 3, what is -10 + 1001?
221
In base 14, what is -4 - -8d?
89
In base 11, what is -4 + -1656?
-165a
In base 7, what is -5 + -14322?
-14330
In base 10, what is 9469 + 2?
9471
In base 5, what is 3 + -21303?
-21300
In base 6, what is 1 - -12?
13
In base 7, what is 50 - 0?
50
In base 6, what is -1 + 25?
24
In base 7, what is -122 + 6?
-113
In base 11, what is 1342 - -2?
1344
In base 7, what is -3 + 1434?
1431
In base 9, what is -131 + -1?
-132
In base 11, what is -1a00 - 0?
-1a00
In base 7, what is 55 + 32?
120
In base 11, what is 11 + 3?
14
In base 9, what is -416 - 0?
-416
In base 11, what is -24a + 2?
-248
In base 16, what is c6 - -23?
e9
In base 14, what is 3c - -a5?
103
In base 14, what is 1 - 2b17?
-2b16
In base 15, what is -40 + -51?
-91
In base 15, what is -133 + -c?
-140
In base 15, what is 2 - -ab?
ad
In base 7, what is -105 + -5?
-113
In base 9, what is -23 + 5?
-17
In base 5, what is -2 - -22?
20
In base 16, what is -1 + 18?
17
In base 12, what is 5 + -33?
-2a
In base 13, what is -4 - -7c?
78
In base 13, what is 7 + 3?
a
In base 5, what is 2 - 11212?
-11210
In base 10, what is -685 + 1?
-684
In base 7, what is 120 - -1?
121
In base 3, what is 110021 - 12?
110002
In base 14, what is 8 + abc?
ac6
In base 16, what is 71e - -8?
726
In base 10, what is -427 - 7?
-434
In base 7, what is 1212 - -3?
1215
In base 13, what is 79 - 33?
46
In base 13, what is 2bb - 0?
2bb
In base 2, what is 100101 - -10011001?
10111110
In base 3, what is 101 + -20211?
-20110
In base 7, what is 20 - -1104?
1124
In base 10, what is 2 - -367?
369
In base 15, what is 151 + 2c?
17d
In base 14, what is -5 + 12?
b
In base 13, what is -171 + -5?
-176
In base 8, what is 52 - -7?
61
In base 15, what is -5 - -ec?
e7
In base 10, what is 139 + 47?
186
In base 15, what is -1766 - -3?
-1763
In base 9, what is -1 + 264?
263
In base 2, what is -110001 + -11?
-110100
In base 10, what is -17 + -23?
-40
In base 9, what is 151 + 5?
156
In base 2, what is 1001 + -101100010?
-101011001
In base 16, what is -83 - 1b?
-9e
In base 16, what is -446 - 2?
-448
In base 10, what is 82 + 6?
88
In base 4, what is 32 + 121?
213
In base 2, what is -111001 - -11?
-110110
In base 11, what is 18 + 1?
19
In base 8, what is 1 - 164?
-163
In base 5, what is 3 + 3031?
3034
In base 15, what is -3d7 + 0?
-3d7
In base 10, what is 4 + 237?
241
In base 14, what is 18 + -44?
-2a
In base 16, what is -71 - 0?
-71
In base 5, what is -10 - 13434?
-13444
In base 2, what is -111110 - 1101?
-1001011
In base 4, what is -10323300 + 10?
-10323230
In base 13, what is -2 - 1?
-3
In base 14, what is 2679 - -4?
267d
In base 8, what is 4 - -7770?
7774
In base 9, what is -6 + -165?
-172
In base 15, what is -12 - b?
-1d
In base 3, what is -10 - 11000102?
-11000112
In base 5, what is 1 + 11?
12
In base 4, what is -3113 + -3?
-3122
In base 15, what is -5 + 6b9?
6b4
In base 16, what is 88 + 5?
8d
In base 5, what is 202310 + 10?
202320
In base 15, what is 2 - 6?
-4
In base 7, what is -11505 - -2?
-11503
In base 16, what is -155 + -6?
-15b
In base 14, what is 1 - 49?
-48
In base 6, what is -4232 + 5?
-4223
In base 10, what is -508 - 4?
-512
In base 16, what is 30 + -b?
25
In base 9, what is 5 - 2036?
-2031
In base 3, what is 102220 + -2?
102211
In base 12, what is -2b8 - 17?
-313
In base 7, what is -654 + 0?
-654
In base 12, what is -170 - -5?
-167
In base 15, what is 2 - 834?
-832
In base 14, what is aad + -4?
aa9
In base 7, what is -1 - -13253?
13252
In base 5, what is -2040 - -303?
-1232
In base 16, what is -75 + 13?
-62
In base 10, what is 28 + -77?
-49
In base 8, what is -27 - 7?
-36
In base 5, what is -130 - -11?
-114
In base 5, what is -10 - -1211?
1201
In base 6, what is 3 - -54?
101
In base 10, what is -330 + 1?
-329
In base 16, what is -3f - -8?
-37
In base 5, what is 31244 - 4?
31240
In base 10, what is -1830 + 4?
-1826
In base 10, what is 2 + -43?
-41
In base 3, what is 200 - -11012?
11212
In base 11, what is 20 + -9?
12
In base 15, what is -4 - -220?
21b
In base 7, what is 1254 - -1?
1255
In base 8, what is 32 - 245?
-213
In base 3, what is 1221202 - 0?
1221202
In base 12, what is -117 - -22?
-b5
In base 10, what is -132 + 18?
-114
In base 13, what is -4 - -5a?
56
In base 5, what is -2301040 - 4?
-2301044
In base 11, what is 3 + -53?
-50
In base 9, what is 280 - 7?
272
In base 10, what is 59 - -7?
66
In base 6, what is -10 - -355?
345
In base 5, what is 0 + 200?
200
In base 11, what is -9 + 64?
56
In base 16, what is 6e + -3?
6b
In base 14, what is 12 - 7?
9
In base 10, what is 215 - 1?
214
In base 6, what is -1 + -145?
-150
In base 9, what is -1 + -78?
-80
In base 8, what is -2724 + -3?
-2727
In base 13, what is -14a + 0?
-14a
In base 2, what is 100000011001 - 101?
100000010100
In base 11, what is 1 - -3030?
3031
In base 9, what is -106 - -143?
36
In base 5, what is 1224300 - -1?
1224301
In base 3, what is 20 - -20211220?
20212010
In base 5, what is 4 - 233?
-224
In base 4, what is -11 + 1012?
1001
In base 3, what is -20022 + 10201?
-2121
In base 15, what is 2 - -34?
36
In base 9, what is 4 - 62?
-57
In base 6, what is -2 - -201?
155
In base 6, what is 15 - -5?
24
In base 3, what is -2 - -2110?
2101
In base 4, what is -22 + 1?
-21
In base 9, what is -4 - 367?
-372
In base 13, what is -7 - 60?
-67
In base 10, what is 5 - -34?
39
In base 11, what is 107 - 4?
103
In base 11, what is 1800 + -1?
17aa
In base 2, what is 110011111111011 - 11?
110011111111000
In base 2, what is 1001001001101 - -11?
1001001010000
In base 9, what is 10 - -16?
26
In base 10, what is -823 - -2?
-821
In base 4, what is 1110 - -3?
1113
In base 9, what is 6 - 30?
-23
In base 6, what is -345 + -10?
-355
In base 12, what is 155 + 21?
176
In base 8, what is -4 + 1077?
1073
In base 11, what is -3 - -40?
38
In base 10, what is 2 - -124?
126
In base 10, what is 1 + -7037?
-7036
In base 7, what is -4165 - 3?
-4201
In base 14, what is 3 - -78?
7b
In base 4, what is 1 - 321?
-320
In base 2, what is 1111101 - 1010?
1110011
In base 8, what is -1315 - -1?
-1314
In base 8, what is -7 - -12?
3
In base 4, what is 31203 - -11?
31220
In base 14, what is -19a + -3?
-19d
In base 11, what is 1723 - -3?
1726
In base 10, what is -5 + 8?
3
In base 4, what is -1 + 13?
12
In base 13, what is -31 + -cc?
-130
In base 4, what is -1 - -103231?
103230
In base 16, what is 5 + 19?
1e
In base 12, what is -4 + -62?
-66
In base 16, what is ca + c?
d6
In base 2, what is 100 - 100111?
-100011
In base 9, what is 0 + 1155?
1155
In base 2, what is -10110100 + -10?
-10110110
In base 15, what is -2b8 - 0?
-2b8
In base 5, what is 10314 - -4?
10323
In base 15, what is -1a1 + -3?
-1a4
In base 11, what is -3 + -1388?
-1390
In base 15, what is 107 + -3?
104
In base 16, what is -626 + 1?
-625
In base 13, what is -4 + -59?
-60
In base 6, what is 1 - -12034?
12035
In base 10, what is 180 - -2?
182
In base 2, what is 100001 + 1001000?
1101001
In base 7, what is 4113 + -2?
4111
In base 15, what is -12 - 5?
-17
In base 10, what is -3 - -29?
26
In base 16, what is 5 - -3a5?
3aa
In base 16, what is -2 + -1d1?
-1d3
In base 8, what is -2 - 106?
-110
In base 13, what is -54b + -5?
-553
In base 6, what is -24133 - 5?
-24142
In base 7, what is -202 - 5?
-210
In base 8, what is 17 + -223?
-204
In base 9, what is -672 + -3?
-675
In base 9, what is 320 - -1?